at is the thousands digit of 5551?
5
What is the hundreds digit of 1958?
9
What is the tens digit of 5596?
9
What is the units digit of 831?
1
What is the ten thousands digit of 22551?
2
What is the thousands digit of 1756?
1
What is the tens digit of 3517?
1
What is the thousands digit of 1021?
1
What is the units digit of 91608?
8
What is the thousands digit of 3050?
3
What is the thousands digit of 1306?
1
What is the hundreds digit of 20303?
3
What is the units digit of 6070?
0
What is the ten thousands digit of 35827?
3
What is the units digit of 172?
2
What is the ten thousands digit of 39374?
3
What is the thousands digit of 24055?
4
What is the units digit of 3609?
9
What is the ten thousands digit of 49801?
4
What is the units digit of 38666?
6
What is the hundreds digit of 315?
3
What is the units digit of 1223?
3
What is the units digit of 1355?
5
What is the thousands digit of 3296?
3
What is the units digit of 6940?
0
What is the units digit of 2625?
5
What is the tens digit of 3786?
8
What is the thousands digit of 2259?
2
What is the hundreds digit of 1206?
2
What is the thousands digit of 2666?
2
What is the thousands digit of 1976?
1
What is the tens digit of 808?
0
What is the units digit of 2602?
2
What is the ten thousands digit of 20537?
2
What is the units digit of 1907?
7
What is the thousands digit of 1386?
1
What is the hundreds digit of 71037?
0
What is the tens digit of 2481?
8
What is the hundreds digit of 2588?
5
What is the tens digit of 81900?
0
What is the thousands digit of 10689?
0
What is the ten thousands digit of 24995?
2
What is the hundreds digit of 750?
7
What is the units digit of 8251?
1
What is the units digit of 7834?
4
What is the ten thousands digit of 15461?
1
What is the hundreds digit of 64495?
4
What is the thousands digit of 2952?
2
What is the hundreds digit of 1072?
0
What is the units digit of 56458?
8
What is the tens digit of 827?
2
What is the units digit of 1580?
0
What is the units digit of 41314?
4
What is the tens digit of 8478?
7
What is the tens digit of 39235?
3
What is the ten thousands digit of 50299?
5
What is the units digit of 991?
1
What is the ten thousands digit of 11721?
1
What is the tens digit of 827?
2
What is the tens digit of 63199?
9
What is the units digit of 341?
1
What is the ten thousands digit of 32596?
3
What is the tens digit of 1054?
5
What is the ten thousands digit of 40117?
4
What is the units digit of 1987?
7
What is the hundreds digit of 2970?
9
What is the tens digit of 620?
2
What is the units digit of 1225?
5
What is the tens digit of 40129?
2
What is the units digit of 120047?
7
What is the thousands digit of 11378?
1
What is the units digit of 725?
5
What is the tens digit of 104267?
6
What is the tens digit of 2460?
6
What is the units digit of 1189?
9
What is the hundreds digit of 1114?
1
What is the units digit of 34479?
9
What is the thousands digit of 58920?
8
What is the ten thousands digit of 77303?
7
What is the hundreds digit of 846?
8
What is the thousands digit of 14291?
4
What is the thousands digit of 31207?
1
What is the units digit of 1042?
2
What is the ten thousands digit of 64672?
6
What is the units digit of 932?
2
What is the units digit of 2345?
5
What is the units digit of 383?
3
What is the ten thousands digit of 38175?
3
What is the thousands digit of 2772?
2
What is the hundreds digit of 392?
3
What is the units digit of 4437?
7
What is the units digit of 146?
6
What is the thousands digit of 92283?
2
What is the units digit of 6434?
4
What is the hundreds digit of 1213?
2
What is the tens digit of 48735?
3
What is the hundreds digit of 10614?
6
What is the tens digit of 1965?
6
What is the thousands digit of 61083?
1
What is the thousands digit of 3055?
3
What is the tens digit of 113?
1
What is the hundreds digit of 1231?
2
What is the units digit of 3749?
9
What is the hundreds digit of 7523?
5
What is the tens digit of 32272?
7
What is the units digit of 17095?
5
What is the hundreds digit of 18671?
6
What is the hundreds digit of 34319?
3
What is the hundreds digit of 11948?
9
What is the tens digit of 61728?
2
What is the hundreds digit of 521?
5
What is the thousands digit of 4441?
4
What is the units digit of 27123?
3
What is the thousands digit of 30427?
0
What is the hundreds digit of 17039?
0
What is the units digit of 642?
2
What is the tens digit of 104680?
8
What is the tens digit of 20719?
1
What is the hundreds digit of 49007?
0
What is the ten thousands digit of 30232?
3
What is the tens digit of 57212?
1
What is the units digit of 487?
7
What is the hundreds digit of 3681?
6
What is the tens digit of 9097?
9
What is the thousands digit of 35208?
5
What is the units digit of 704?
4
What is the thousands digit of 1874?
1
What is the tens digit of 1284?
8
What is the hundreds digit of 16147?
1
What is the units digit of 4560?
0
What is the hundreds digit of 62493?
4
What is the units digit of 12730?
0
What is the tens digit of 34032?
3
What is the units digit of 2003?
3
What is the tens digit of 46?
4
What is the hundreds digit of 1060?
0
What is the tens digit of 328?
2
What is the units digit of 375?
5
What is the hundreds digit of 154093?
0
What is the units digit of 8043?
3
What is the hundreds digit of 34481?
4
What is the units digit of 18237?
7
What is the thousands digit of 2110?
2
What is the units digit of 27658?
8
What is the thousands digit of 1310?
1
What is the units digit of 31584?
4
What is the tens digit of 354?
5
What is the tens digit of 142547?
4
What is the units digit of 2144?
4
What is the units digit of 10642?
2
What is the tens digit of 6491?
9
What is the tens digit of 245?
4
What is the units digit of 11604?
4
What is the ten thousands digit of 16440?
1
What is the thousands digit of 2870?
2
What is the ten thousands digit of 15741?
1
What is the units digit of 21699?
9
What is the hundreds digit of 21037?
0
What is the thousands digit of 53498?
3
What is the units digit of 841?
1
What is the hundreds digit of 7301?
3
What is the thousands digit of 7253?
7
What is the hundreds digit of 174?
1
What is the tens digit of 3919?
1
What is the thousands digit of 6191?
6
What is the units digit of 8970?
0
What is the units digit of 128?
8
What is the units digit of 2706?
6
What is the tens digit of 1366?
6
What is the units digit of 20182?
2
What is the hundreds digit of 687?
6
What is the units digit of 2838?
8
What is the units digit of 18762?
2
What is the tens digit of 6226?
2
What is the thousands digit of 3635?
3
What is the hundreds digit of 9779?
7
What is the hundreds digit of 96719?
7
What is the units digit of 123?
3
What is the tens digit of 5068?
6
What is the tens digit of 5529?
2
What is the tens digit of 149204?
0
What is the tens digit of 1676?
7
What is the hundreds digit of 5785?
7
What is the hundreds digit of 6566?
5
What is the thousands digit of 72233?
2
What is the units digit of 36397?
7
What is the tens digit of 1125?
2
What is the tens digit of 74844?
4
What is the thousands digit of 6828?
6
What is the hundreds digit of 10067?
0
What is the units digit of 52384?
4
What is the tens digit of 5983?
8
What is the tens digit of 1905?
0
What is the thousands digit of 13167?
3
What is the units digit of 6258?
8
What is the tens digit of 386?
8
What is the thousands digit of 104718?
4
What is the ten thousands digit of 29210?
2
What is the tens digit of 954?
5
What is the units digit of 1351?
1
What is the hundreds digit of 2505?
5
What is the hundreds digit of 143253?
2
What is the units digit of 42193?
3
What is the ten thousands digit of 72121?
7
What is the tens digit of 7213?
1
What is the hundreds digit of 1595?
5
What is the hundreds digit of 75994?
9
What is the hundreds digit of 13477?
4
What is the ten thousands digit of 84655?
8
What is the units digit of 2808?
8
What is the units digit of 3976?
6
What is the tens digit of 9929?
2
What is the thousands digit of 9310?
9
What is the units digit of 32651?
1
What is the tens digit of 1653?
5
What is the hundreds digit of 31241?
2
What is the ten thousands digit of 20152?
2
What is the hundreds digit of 11136?
1
What is the hundreds digit of 1351?
3
What is the units digit of 3186?
6
What is the hundreds digi